{"id":123,"date":"2017-01-03T12:02:49","date_gmt":"2017-01-03T12:02:49","guid":{"rendered":"https:\/\/iaspblog.wordpress.com\/?post_type=jetpack-portfolio&#038;p=123"},"modified":"2021-05-04T16:28:15","modified_gmt":"2021-05-04T16:28:15","slug":"ina","status":"publish","type":"jetpack-portfolio","link":"https:\/\/inaspang.de\/?portfolio=ina","title":{"rendered":"Ina."},"content":{"rendered":"<p><img data-attachment-id=\"222\" data-permalink=\"https:\/\/inaspang.de\/?attachment_id=222\" data-orig-file=\"https:\/\/i0.wp.com\/inaspang.de\/wp-content\/uploads\/2017\/01\/Ina-Spang.jpg?fit=968%2C1162&amp;ssl=1\" data-orig-size=\"968,1162\" data-comments-opened=\"1\" data-image-meta=\"{&quot;aperture&quot;:&quot;0&quot;,&quot;credit&quot;:&quot;&quot;,&quot;camera&quot;:&quot;&quot;,&quot;caption&quot;:&quot;&quot;,&quot;created_timestamp&quot;:&quot;0&quot;,&quot;copyright&quot;:&quot;&quot;,&quot;focal_length&quot;:&quot;0&quot;,&quot;iso&quot;:&quot;0&quot;,&quot;shutter_speed&quot;:&quot;0&quot;,&quot;title&quot;:&quot;&quot;,&quot;orientation&quot;:&quot;1&quot;}\" data-image-title=\"Ina Spang\" data-image-description=\"\" data-image-caption=\"\" data-medium-file=\"https:\/\/i0.wp.com\/inaspang.de\/wp-content\/uploads\/2017\/01\/Ina-Spang.jpg?fit=250%2C300&amp;ssl=1\" data-large-file=\"https:\/\/i0.wp.com\/inaspang.de\/wp-content\/uploads\/2017\/01\/Ina-Spang.jpg?fit=853%2C1024&amp;ssl=1\" decoding=\"async\" loading=\"lazy\" class=\"size-medium wp-image-222 alignright\" src=\"https:\/\/i0.wp.com\/inaspang.de\/wp-content\/uploads\/2017\/01\/Ina-Spang.jpg?resize=250%2C300\" alt=\"\" width=\"250\" height=\"300\" srcset=\"https:\/\/i0.wp.com\/inaspang.de\/wp-content\/uploads\/2017\/01\/Ina-Spang.jpg?resize=250%2C300&amp;ssl=1 250w, https:\/\/i0.wp.com\/inaspang.de\/wp-content\/uploads\/2017\/01\/Ina-Spang.jpg?resize=768%2C922&amp;ssl=1 768w, https:\/\/i0.wp.com\/inaspang.de\/wp-content\/uploads\/2017\/01\/Ina-Spang.jpg?resize=853%2C1024&amp;ssl=1 853w, https:\/\/i0.wp.com\/inaspang.de\/wp-content\/uploads\/2017\/01\/Ina-Spang.jpg?resize=880%2C1056&amp;ssl=1 880w, https:\/\/i0.wp.com\/inaspang.de\/wp-content\/uploads\/2017\/01\/Ina-Spang.jpg?resize=220%2C264&amp;ssl=1 220w, https:\/\/i0.wp.com\/inaspang.de\/wp-content\/uploads\/2017\/01\/Ina-Spang.jpg?w=968&amp;ssl=1 968w\" sizes=\"(max-width: 250px) 100vw, 250px\" data-recalc-dims=\"1\" \/><\/p>\n<p><span style=\"font-family: 'Lucida Bright'; color: #808080;\"><strong>Ina Spang, Musikerin, Autorin &amp; Illustratorin<\/strong>\u00a0lebt in M\u00fcnchen.<\/span><\/p>\n<p><span style=\"font-family: 'Lucida Bright'; color: #808080;\">Ihr Regiestudium beendete sie 2010 mit dem in Rochester (USA) pr\u00e4mierten Kurzfilm \u201eF\u00fcr Hanna.\u201c.<\/span><\/p>\n<p><span style=\"font-family: 'Lucida Bright'; color: #808080;\">Als Musikerin ist Ina mit ihrer im Jahr 2006 gegr\u00fcndeten Band <a class=\"customize-unpreviewable\" style=\"color: #808080;\" href=\"http:\/\/www.muddywhat.de\/\">Muddy What?<\/a>\u00a0als Gitarristin und Mandolinenspielerin auf B\u00fchnen in ganz Deutschland zu Gast.<\/span><\/p>\n<p><span style=\"font-family: 'Lucida Bright'; color: #808080;\">Ina schreibt Geschichten und Gedichte, f\u00fcr Kinder und f\u00fcr Erwachsene, von denen sie viele auch selbst illustriert. F\u00fcr ihre Kurzgeschichte \u201eBegegnung mit Vitja\u201c erhielt sie 2014 einen literarischen F\u00f6rderpreis. Seitdem wurden viele ihre Geschichten und Gedichte in diversen Anthologien und Gedichtb\u00e4nden publiziert. Neben Wettbewerbsauszeichnungen durfte Ina auch Einladungen zu Lesungen, u.a. im Literaturhaus Z\u00fcrich, annehmen.\u00a0Seit 2018 arbeitet Ina als Autorin, Illustratorin und Online-Redakteurin beim\u00a0<a class=\"customize-unpreviewable\" style=\"color: #808080;\" href=\"http:\/\/www.ulli-verlag.de\/\"><strong>Ulli Verlag<\/strong><\/a>.<\/span><\/p>\n<p><span style=\"font-family: 'Lucida Bright'; color: #808080;\"><a style=\"color: #808080;\" href=\"http:\/\/inaspang.de\/?page_id=209&amp;customize_changeset_uuid=a02965ba-f3a5-49d0-9979-26bcfdddf705&amp;customize_autosaved=on&amp;customize_messenger_channel=preview-2\">KONTAKT<\/a><\/span><\/p>\n","protected":false},"excerpt":{"rendered":"<p>Ina Spang, Musikerin, Autorin &amp; Illustratorin\u00a0lebt in M\u00fcnchen. Ihr Regiestudium beendete sie 2010 mit dem in Rochester (USA) pr\u00e4mierten Kurzfilm \u201eF\u00fcr Hanna.\u201c. Als Musikerin ist Ina mit ihrer im Jahr 2006 gegr\u00fcndeten Band Muddy What?\u00a0als Gitarristin und Mandolinenspielerin auf B\u00fchnen in ganz Deutschland zu Gast. Ina schreibt Geschichten und Gedichte, f\u00fcr Kinder und f\u00fcr Erwachsene, [&hellip;]<\/p>\n","protected":false},"author":1,"featured_media":215,"comment_status":"closed","ping_status":"closed","template":"","format":"standard","meta":{"jetpack_publicize_message":"","jetpack_is_tweetstorm":false,"jetpack_publicize_feature_enabled":true,"jetpack_social_post_already_shared":true,"jetpack_social_options":{"image_generator_settings":{"template":"highway","enabled":false}}},"jetpack-portfolio-type":[],"jetpack-portfolio-tag":[],"jetpack_publicize_connections":[],"jetpack_sharing_enabled":true,"jetpack-related-posts":[{"id":38,"url":"https:\/\/inaspang.de\/?portfolio=kinder-und-jugendliteratur","url_meta":{"origin":123,"position":0},"title":"Kinder- &#038; Jugendliteratur","author":"InaSpang","date":"Januar 9, 2017","format":false,"excerpt":"Ver\u00f6ffentlichungen: Korbinian Knopf (2021)32-seitiges Bilderbuch f\u00fcr Kinder ab 3 JahrenText & Illustration: Ina SpangUlli VerlagISBN: 978-3-947926-12-1 Ausmalbuch \"Ich bin\" - Schr\u00e4ge K\u00f6pfe zum Ausmalen (2021)58-seitiges Ausmalbuch mit kleinen GeschichtenUlli Verlag Rhino sucht ein neues Zuhause (2018)32-seitiges Bilderbuch f\u00fcr Kinder ab 3 JahrenText & Illustration: Ina SpangUlli VerlagISBN: 978-3-947926-04-6 Dann &\u2026","rel":"","context":"\u00c4hnlicher Beitrag","block_context":{"text":"\u00c4hnlicher Beitrag","link":""},"img":{"alt_text":"","src":"https:\/\/i0.wp.com\/inaspang.de\/wp-content\/uploads\/2017\/01\/InaSpang-1-1.jpg?fit=435%2C1200&ssl=1&resize=350%2C200","width":350,"height":200},"classes":[]},{"id":32,"url":"https:\/\/inaspang.de\/?portfolio=illustration","url_meta":{"origin":123,"position":1},"title":"Illustration","author":"InaSpang","date":"Januar 9, 2017","format":false,"excerpt":"Ver\u00f6ffentlichungen: Sommer, irgendwann (2022) 96 Seiten, Kurzgeschichten, Lyrik und Bildkunst von Ina Spang Ulli Verlag ISBN: 978-3-947926-10-7 Ausmalbuch \"Ich bin\" - Schr\u00e4ge K\u00f6pfe zum Ausmalen (2021) 58-seitiges Ausmalbuch mit kleinen Geschichten Ulli Verlag Korbinian Knopf (2021) 32-seitiges Bilderbuch f\u00fcr Kinder ab 3 Jahren Text & Illustration: Ina Spang Ulli Verlag\u2026","rel":"","context":"\u00c4hnlicher Beitrag","block_context":{"text":"\u00c4hnlicher Beitrag","link":""},"img":{"alt_text":"","src":"https:\/\/i0.wp.com\/inaspang.de\/wp-content\/uploads\/2017\/01\/Ina-Spang-1-1.jpg?fit=750%2C1200&ssl=1&resize=350%2C200","width":350,"height":200,"srcset":"https:\/\/i0.wp.com\/inaspang.de\/wp-content\/uploads\/2017\/01\/Ina-Spang-1-1.jpg?fit=750%2C1200&ssl=1&resize=350%2C200 1x, https:\/\/i0.wp.com\/inaspang.de\/wp-content\/uploads\/2017\/01\/Ina-Spang-1-1.jpg?fit=750%2C1200&ssl=1&resize=525%2C300 1.5x, https:\/\/i0.wp.com\/inaspang.de\/wp-content\/uploads\/2017\/01\/Ina-Spang-1-1.jpg?fit=750%2C1200&ssl=1&resize=700%2C400 2x"},"classes":[]},{"id":49,"url":"https:\/\/inaspang.de\/?portfolio=prosa","url_meta":{"origin":123,"position":2},"title":"Prosa","author":"InaSpang","date":"Januar 9, 2017","format":false,"excerpt":"Ver\u00f6ffentlichungen: Sommer, irgendwann (2022) Kurzgeschichten, Lyrik und Bildkunst von Ina Spang Ulli Verlag ISBN: 978-3-947926-10-7 Zeitentanz\u00a0(2017) mit Wenn der Wind schlecht steht herausgegeben von Stephanie Mattner ISBN: 978-3-7448-3352-3 2. Bubenreuther Literaturwettbewerb (2016) mit Gelbe Punkte treditionVerlag, Hrsg. Christoph-Maria Liegener ISBN: 978-3-7345-6223-5 Texte des Monats 2016 (2016) mit Es wird morgen\u2026","rel":"","context":"\u00c4hnlicher Beitrag","block_context":{"text":"\u00c4hnlicher Beitrag","link":""},"img":{"alt_text":"","src":"https:\/\/i0.wp.com\/inaspang.de\/wp-content\/uploads\/2017\/01\/InaSpang-1-2.jpg?fit=438%2C1200&ssl=1&resize=350%2C200","width":350,"height":200},"classes":[]},{"id":105,"url":"https:\/\/inaspang.de\/?portfolio=lyrik","url_meta":{"origin":123,"position":3},"title":"Lyrik","author":"InaSpang","date":"Januar 9, 2017","format":false,"excerpt":"Ver\u00f6ffentlichungen: Sommer, irgendwann (2022) Kurzgeschichten, Lyrik und Bildkunst von Ina Spang Ulli Verlag ISBN: 978-3-947926-10-7 Jedem Anfang (2020) mit Eimer voller L\u00f6cher herausgegeben von Stephanie Mattner & Nadja Feischner ISBN: 978-3-7519-2141-1 Gefangensein - Drinnen & Drau\u00dfen\u00a0(2018) mit Farboasen muc Verlag Aufgehen in Dir (2016) mit\u00a0Aus Natur, zerw\u00fchlt\u00a0&\u00a0Zwischen fremden Orten herausgegeben\u2026","rel":"","context":"\u00c4hnlicher Beitrag","block_context":{"text":"\u00c4hnlicher Beitrag","link":""},"img":{"alt_text":"","src":"https:\/\/i0.wp.com\/inaspang.de\/wp-content\/uploads\/2017\/01\/Ina-Spang-.jpg?fit=435%2C1200&ssl=1&resize=350%2C200","width":350,"height":200},"classes":[]}],"_links":{"self":[{"href":"https:\/\/inaspang.de\/index.php?rest_route=\/wp\/v2\/jetpack-portfolio\/123"}],"collection":[{"href":"https:\/\/inaspang.de\/index.php?rest_route=\/wp\/v2\/jetpack-portfolio"}],"about":[{"href":"https:\/\/inaspang.de\/index.php?rest_route=\/wp\/v2\/types\/jetpack-portfolio"}],"author":[{"embeddable":true,"href":"https:\/\/inaspang.de\/index.php?rest_route=\/wp\/v2\/users\/1"}],"replies":[{"embeddable":true,"href":"https:\/\/inaspang.de\/index.php?rest_route=%2Fwp%2Fv2%2Fcomments&post=123"}],"version-history":[{"count":2,"href":"https:\/\/inaspang.de\/index.php?rest_route=\/wp\/v2\/jetpack-portfolio\/123\/revisions"}],"predecessor-version":[{"id":566,"href":"https:\/\/inaspang.de\/index.php?rest_route=\/wp\/v2\/jetpack-portfolio\/123\/revisions\/566"}],"wp:featuredmedia":[{"embeddable":true,"href":"https:\/\/inaspang.de\/index.php?rest_route=\/wp\/v2\/media\/215"}],"wp:attachment":[{"href":"https:\/\/inaspang.de\/index.php?rest_route=%2Fwp%2Fv2%2Fmedia&parent=123"}],"wp:term":[{"taxonomy":"jetpack-portfolio-type","embeddable":true,"href":"https:\/\/inaspang.de\/index.php?rest_route=%2Fwp%2Fv2%2Fjetpack-portfolio-type&post=123"},{"taxonomy":"jetpack-portfolio-tag","embeddable":true,"href":"https:\/\/inaspang.de\/index.php?rest_route=%2Fwp%2Fv2%2Fjetpack-portfolio-tag&post=123"}],"curies":[{"name":"wp","href":"https:\/\/api.w.org\/{rel}","templated":true}]}}

<p><img data-attachment-id="222" data-permalink="https://inaspang.de/?attachment_id=222" data-orig-file="https://i0.wp.com/inaspang.de/wp-content/uploads/2017/01/Ina-Spang.jpg?fit=968%2C1162&amp;ssl=1" data-orig-size="968,1162" data-comments-opened="1" data-image-meta="{&quot;aperture&quot;:&quot;0&quot;,&quot;credit&quot;:&quot;&quot;,&quot;camera&quot;:&quot;&quot;,&quot;caption&quot;:&quot;&quot;,&quot;created_timestamp&quot;:&quot;0&quot;,&quot;copyright&quot;:&quot;&quot;,&quot;focal_length&quot;:&quot;0&quot;,&quot;iso&quot;:&quot;0&quot;,&quot;shutter_speed&quot;:&quot;0&quot;,&quot;title&quot;:&quot;&quot;,&quot;orientation&quot;:&quot;1&quot;}" data-image-title="Ina Spang" data-image-description="" data-image-caption="" data-medium-file="https://i0.wp.com/inaspang.de/wp-content/uploads/2017/01/Ina-Spang.jpg?fit=250%2C300&amp;ssl=1" data-large-file="https://i0.wp.com/inaspang.de/wp-content/uploads/2017/01/Ina-Spang.jpg?fit=853%2C1024&amp;ssl=1" decoding="async" loading="lazy" class="size-medium wp-image-222 alignright" src="https://i0.wp.com/inaspang.de/wp-content/uploads/2017/01/Ina-Spang.jpg?resize=250%2C300" alt="" width="250" height="300" srcset="https://i0.wp.com/inaspang.de/wp-content/uploads/2017/01/Ina-Spang.jpg?resize=250%2C300&amp;ssl=1 250w, https://i0.wp.com/inaspang.de/wp-content/uploads/2017/01/Ina-Spang.jpg?resize=768%2C922&amp;ssl=1 768w, https://i0.wp.com/inaspang.de/wp-content/uploads/2017/01/Ina-Spang.jpg?resize=853%2C1024&amp;ssl=1 853w, https://i0.wp.com/inaspang.de/wp-content/uploads/2017/01/Ina-Spang.jpg?resize=880%2C1056&amp;ssl=1 880w, https://i0.wp.com/inaspang.de/wp-content/uploads/2017/01/Ina-Spang.jpg?resize=220%2C264&amp;ssl=1 220w, https://i0.wp.com/inaspang.de/wp-content/uploads/2017/01/Ina-Spang.jpg?w=968&amp;ssl=1 968w" sizes="(max-width: 250px) 100vw, 250px" data-recalc-dims="1" /></p>
<p><span style="font-family: 'Lucida Bright'; color: #808080;"><strong>Ina Spang, Musikerin, Autorin &amp; Illustratorin</strong> lebt in München.</span></p>
<p><span style="font-family: 'Lucida Bright'; color: #808080;">Ihr Regiestudium beendete sie 2010 mit dem in Rochester (USA) prämierten Kurzfilm „Für Hanna.“.</span></p>
<p><span style="font-family: 'Lucida Bright'; color: #808080;">Als Musikerin ist Ina mit ihrer im Jahr 2006 gegründeten Band <a class="customize-unpreviewable" style="color: #808080;" href="http://www.muddywhat.de/">Muddy What?</a> als Gitarristin und Mandolinenspielerin auf Bühnen in ganz Deutschland zu Gast.</span></p>
<p><span style="font-family: 'Lucida Bright'; color: #808080;">Ina schreibt Geschichten und Gedichte, für Kinder und für Erwachsene, von denen sie viele auch selbst illustriert. Für ihre Kurzgeschichte „Begegnung mit Vitja“ erhielt sie 2014 einen literarischen Förderpreis. Seitdem wurden viele ihre Geschichten und Gedichte in diversen Anthologien und Gedichtbänden publiziert. Neben Wettbewerbsauszeichnungen durfte Ina auch Einladungen zu Lesungen, u.a. im Literaturhaus Zürich, annehmen. Seit 2018 arbeitet Ina als Autorin, Illustratorin und Online-Redakteurin beim <a class="customize-unpreviewable" style="color: #808080;" href="http://www.ulli-verlag.de/"><strong>Ulli Verlag</strong></a>.</span></p>
<p><span style="font-family: 'Lucida Bright'; color: #808080;"><a style="color: #808080;" href="http://inaspang.de/?page_id=209&amp;customize_changeset_uuid=a02965ba-f3a5-49d0-9979-26bcfdddf705&amp;customize_autosaved=on&amp;customize_messenger_channel=preview-2">KONTAKT</a></span></p>

<p>Ina Spang, Musikerin, Autorin &amp; Illustratorin lebt in München. Ihr Regiestudium beendete sie 2010 mit dem in Rochester (USA) prämierten Kurzfilm „Für Hanna.“. Als Musikerin ist Ina mit ihrer im Jahr 2006 gegründeten Band Muddy What? als Gitarristin und Mandolinenspielerin auf Bühnen in ganz Deutschland zu Gast. Ina schreibt Geschichten und Gedichte, für Kinder und für Erwachsene, [&hellip;]</p>

Veröffentlichungen: Korbinian Knopf (2021)32-seitiges Bilderbuch für Kinder ab 3 JahrenText & Illustration: Ina SpangUlli VerlagISBN: 978-3-947926-12-1 Ausmalbuch "Ich bin" - Schräge Köpfe zum Ausmalen (2021)58-seitiges Ausmalbuch mit kleinen GeschichtenUlli Verlag Rhino sucht ein neues Zuhause (2018)32-seitiges Bilderbuch für Kinder ab 3 JahrenText & Illustration: Ina SpangUlli VerlagISBN: 978-3-947926-04-6 Dann &…

Ähnlicher Beitrag

Veröffentlichungen: Sommer, irgendwann (2022) 96 Seiten, Kurzgeschichten, Lyrik und Bildkunst von Ina Spang Ulli Verlag ISBN: 978-3-947926-10-7 Ausmalbuch "Ich bin" - Schräge Köpfe zum Ausmalen (2021) 58-seitiges Ausmalbuch mit kleinen Geschichten Ulli Verlag Korbinian Knopf (2021) 32-seitiges Bilderbuch für Kinder ab 3 Jahren Text & Illustration: Ina Spang Ulli Verlag…

Veröffentlichungen: Sommer, irgendwann (2022) Kurzgeschichten, Lyrik und Bildkunst von Ina Spang Ulli Verlag ISBN: 978-3-947926-10-7 Zeitentanz (2017) mit Wenn der Wind schlecht steht herausgegeben von Stephanie Mattner ISBN: 978-3-7448-3352-3 2. Bubenreuther Literaturwettbewerb (2016) mit Gelbe Punkte treditionVerlag, Hrsg. Christoph-Maria Liegener ISBN: 978-3-7345-6223-5 Texte des Monats 2016 (2016) mit Es wird morgen…

Veröffentlichungen: Sommer, irgendwann (2022) Kurzgeschichten, Lyrik und Bildkunst von Ina Spang Ulli Verlag ISBN: 978-3-947926-10-7 Jedem Anfang (2020) mit Eimer voller Löcher herausgegeben von Stephanie Mattner & Nadja Feischner ISBN: 978-3-7519-2141-1 Gefangensein - Drinnen & Draußen (2018) mit Farboasen muc Verlag Aufgehen in Dir (2016) mit Aus Natur, zerwühlt & Zwischen fremden Orten herausgegeben…
